{"id":66,"date":"2019-12-20T17:39:35","date_gmt":"2019-12-20T16:39:35","guid":{"rendered":"http:\/\/investdiscount.de\/?page_id=66"},"modified":"2019-12-20T18:49:28","modified_gmt":"2019-12-20T17:49:28","slug":"drexlers-meinung","status":"publish","type":"page","link":"https:\/\/investdiscount.de\/?page_id=66","title":{"rendered":"Drexler\u00b4s Meinung"},"content":{"rendered":"\t\t<div data-elementor-type=\"wp-page\" data-elementor-id=\"66\" class=\"elementor elementor-66\">\n\t\t\t\t\t\t<section class=\"elementor-section elementor-top-section elementor-element elementor-element-6352c1e elementor-section-boxed elementor-section-height-default elementor-section-height-default\" data-id=\"6352c1e\" data-element_type=\"section\" data-e-type=\"section\">\n\t\t\t\t\t\t<div class=\"elementor-container elementor-column-gap-default\">\n\t\t\t\t\t<div class=\"elementor-column elementor-col-100 elementor-top-column elementor-element elementor-element-29e143f\" data-id=\"29e143f\" data-element_type=\"column\" data-e-type=\"column\">\n\t\t\t<div class=\"elementor-widget-wrap elementor-element-populated\">\n\t\t\t\t\t\t<div class=\"elementor-element elementor-element-7bb515b elementor-widget elementor-widget-heading\" data-id=\"7bb515b\" data-element_type=\"widget\" data-e-type=\"widget\" data-widget_type=\"heading.default\">\n\t\t\t\t<div class=\"elementor-widget-container\">\n\t\t\t\t\t<h2 class=\"elementor-heading-title elementor-size-default\">Geld regiert die Welt... Sie entscheiden wie<\/h2>\t\t\t\t<\/div>\n\t\t\t\t<\/div>\n\t\t\t\t\t<\/div>\n\t\t<\/div>\n\t\t\t\t\t<\/div>\n\t\t<\/section>\n\t\t\t\t<section class=\"elementor-section elementor-top-section elementor-element elementor-element-5102558 elementor-section-boxed elementor-section-height-default elementor-section-height-default\" data-id=\"5102558\" data-element_type=\"section\" data-e-type=\"section\">\n\t\t\t\t\t\t<div class=\"elementor-container elementor-column-gap-default\">\n\t\t\t\t\t<div class=\"elementor-column elementor-col-100 elementor-top-column elementor-element elementor-element-f4a2a42\" data-id=\"f4a2a42\" data-element_type=\"column\" data-e-type=\"column\">\n\t\t\t<div class=\"elementor-widget-wrap elementor-element-populated\">\n\t\t\t\t\t\t<section class=\"elementor-section elementor-inner-section elementor-element elementor-element-6546e05 elementor-section-boxed elementor-section-height-default elementor-section-height-default\" data-id=\"6546e05\" data-element_type=\"section\" data-e-type=\"section\">\n\t\t\t\t\t\t<div class=\"elementor-container elementor-column-gap-default\">\n\t\t\t\t\t<div class=\"elementor-column elementor-col-50 elementor-inner-column elementor-element elementor-element-a892e4c\" data-id=\"a892e4c\" data-element_type=\"column\" data-e-type=\"column\">\n\t\t\t<div class=\"elementor-widget-wrap elementor-element-populated\">\n\t\t\t\t\t\t<div class=\"elementor-element elementor-element-21ef683 elementor-widget elementor-widget-text-editor\" data-id=\"21ef683\" data-element_type=\"widget\" data-e-type=\"widget\" data-widget_type=\"text-editor.default\">\n\t\t\t\t<div class=\"elementor-widget-container\">\n\t\t\t\t\t\t\t\t\t<p>Das Sprichwort \u201eGeld regiert die Welt\u201c ist in den letzten Jahrzehnten immer wieder negativ best\u00e4tigt worden. Unsere Umwelt w\u00fcrde heute nicht so geschunden dastehen, wenn bei allen Entscheidungen zu Investitionen und Projekten nicht die nackte Profitgier im Vordergrund gestanden h\u00e4tte. Nicht die Verantwortung f\u00fcr kommende Generationen, sondern das \u201eoptimale Quartalsergebnis\u201c ist die Vorgabe bei den meisten Unternehmen auf der ganzen Welt. Die Ausbeutung unserer nat\u00fcrlichen Ressourcen, gerade in Drittl\u00e4ndern und zu Lasten der dortigen Bev\u00f6lkerung, ist eine fatale Folge davon.<\/p>\t\t\t\t\t\t\t\t<\/div>\n\t\t\t\t<\/div>\n\t\t\t\t\t<\/div>\n\t\t<\/div>\n\t\t\t\t<div class=\"elementor-column elementor-col-50 elementor-inner-column elementor-element elementor-element-6869211\" data-id=\"6869211\" data-element_type=\"column\" data-e-type=\"column\">\n\t\t\t<div class=\"elementor-widget-wrap elementor-element-populated\">\n\t\t\t\t\t\t<div class=\"elementor-element elementor-element-6bf2b7a elementor-widget elementor-widget-image\" data-id=\"6bf2b7a\" data-element_type=\"widget\" data-e-type=\"widget\" data-widget_type=\"image.default\">\n\t\t\t\t<div class=\"elementor-widget-container\">\n\t\t\t\t\t\t\t\t\t\t\t\t\t\t\t<img fetchpriority=\"high\" decoding=\"async\" width=\"200\" height=\"300\" src=\"https:\/\/investdiscount.de\/wp-content\/uploads\/2019\/12\/IMG_2863-200x300.jpg\" class=\"attachment-medium size-medium wp-image-69\" alt=\"\" srcset=\"https:\/\/investdiscount.de\/wp-content\/uploads\/2019\/12\/IMG_2863-200x300.jpg 200w, https:\/\/investdiscount.de\/wp-content\/uploads\/2019\/12\/IMG_2863-683x1024.jpg 683w, https:\/\/investdiscount.de\/wp-content\/uploads\/2019\/12\/IMG_2863-768x1152.jpg 768w, https:\/\/investdiscount.de\/wp-content\/uploads\/2019\/12\/IMG_2863-1024x1536.jpg 1024w, https:\/\/investdiscount.de\/wp-content\/uploads\/2019\/12\/IMG_2863-1365x2048.jpg 1365w, https:\/\/investdiscount.de\/wp-content\/uploads\/2019\/12\/IMG_2863-scaled.jpg 1707w\" sizes=\"(max-width: 200px) 100vw, 200px\" \/>\t\t\t\t\t\t\t\t\t\t\t\t\t\t\t<\/div>\n\t\t\t\t<\/div>\n\t\t\t\t\t<\/div>\n\t\t<\/div>\n\t\t\t\t\t<\/div>\n\t\t<\/section>\n\t\t\t\t\t<\/div>\n\t\t<\/div>\n\t\t\t\t\t<\/div>\n\t\t<\/section>\n\t\t\t\t<section class=\"elementor-section elementor-top-section elementor-element elementor-element-6db8770 elementor-section-boxed elementor-section-height-default elementor-section-height-default\" data-id=\"6db8770\" data-element_type=\"section\" data-e-type=\"section\">\n\t\t\t\t\t\t<div class=\"elementor-container elementor-column-gap-default\">\n\t\t\t\t\t<div class=\"elementor-column elementor-col-100 elementor-top-column elementor-element elementor-element-39944e1\" data-id=\"39944e1\" data-element_type=\"column\" data-e-type=\"column\">\n\t\t\t<div class=\"elementor-widget-wrap elementor-element-populated\">\n\t\t\t\t\t\t<div class=\"elementor-element elementor-element-4f69587 elementor-widget elementor-widget-text-editor\" data-id=\"4f69587\" data-element_type=\"widget\" data-e-type=\"widget\" data-widget_type=\"text-editor.default\">\n\t\t\t\t<div class=\"elementor-widget-container\">\n\t\t\t\t\t\t\t\t\t<p>Aber es geht auch anders. Sie k\u00f6nnen mit Ihrem Anlageverhalten dazu beitragen, dass ein Umdenken erfolgt, und das sogar ohne Einbu\u00dfen \u00a0bei der Rendite in Kauf nehmen zu m\u00fcssen. \u00a0<\/p><p>Nat\u00fcrlich k\u00f6nnen Sie bei investdiscount.de alle verf\u00fcgbaren Fonds ausw\u00e4hlen, egal ob als Einmalanlage oder als Sparplan. Ich will an dieser Stelle niemanden in seiner Entscheidung beeinflussen. Aber ich m\u00f6chte andererseits zu bedenken geben, dass keine Geldanlage neutral ist. Jede Kapitalanlage, unabh\u00e4ngig von ihrer Gr\u00f6\u00dfe, entfaltet eine Wirkung \u2013 direkt oder indirekt \u2013 positiv oder negativ.\u00a0<\/p><p>Bedenken Sie: Wer das Geld gibt \u2013 tr\u00e4gt auch die Verantwortung f\u00fcr das Gesch\u00e4ft!<\/p>\t\t\t\t\t\t\t\t<\/div>\n\t\t\t\t<\/div>\n\t\t\t\t\t<\/div>\n\t\t<\/div>\n\t\t\t\t\t<\/div>\n\t\t<\/section>\n\t\t\t\t<section class=\"elementor-section elementor-top-section elementor-element elementor-element-43a0366 elementor-section-boxed elementor-section-height-default elementor-section-height-default\" data-id=\"43a0366\" data-element_type=\"section\" data-e-type=\"section\">\n\t\t\t\t\t\t<div class=\"elementor-container elementor-column-gap-default\">\n\t\t\t\t\t<div class=\"elementor-column elementor-col-100 elementor-top-column elementor-element elementor-element-dcfa37d\" data-id=\"dcfa37d\" data-element_type=\"column\" data-e-type=\"column\">\n\t\t\t<div class=\"elementor-widget-wrap elementor-element-populated\">\n\t\t\t\t\t\t<div class=\"elementor-element elementor-element-a346182 elementor-widget elementor-widget-text-editor\" data-id=\"a346182\" data-element_type=\"widget\" data-e-type=\"widget\" data-widget_type=\"text-editor.default\">\n\t\t\t\t<div class=\"elementor-widget-container\">\n\t\t\t\t\t\t\t\t\t<h4><strong>Deshalb mein Rat: Investieren Sie in nachhaltige, \u00f6kologische und ethische Investmentfonds.<\/strong><\/h4>\t\t\t\t\t\t\t\t<\/div>\n\t\t\t\t<\/div>\n\t\t\t\t\t<\/div>\n\t\t<\/div>\n\t\t\t\t\t<\/div>\n\t\t<\/section>\n\t\t\t\t<section class=\"elementor-section elementor-top-section elementor-element elementor-element-b5120e1 elementor-section-boxed elementor-section-height-default elementor-section-height-default\" data-id=\"b5120e1\" data-element_type=\"section\" data-e-type=\"section\">\n\t\t\t\t\t\t<div class=\"elementor-container elementor-column-gap-default\">\n\t\t\t\t\t<div class=\"elementor-column elementor-col-100 elementor-top-column elementor-element elementor-element-f28567d\" data-id=\"f28567d\" data-element_type=\"column\" data-e-type=\"column\">\n\t\t\t<div class=\"elementor-widget-wrap elementor-element-populated\">\n\t\t\t\t\t\t<section class=\"elementor-section elementor-inner-section elementor-element elementor-element-52fe911 elementor-section-boxed elementor-section-height-default elementor-section-height-default\" data-id=\"52fe911\" data-element_type=\"section\" data-e-type=\"section\">\n\t\t\t\t\t\t<div class=\"elementor-container elementor-column-gap-default\">\n\t\t\t\t\t<div class=\"elementor-column elementor-col-50 elementor-inner-column elementor-element elementor-element-966ff96\" data-id=\"966ff96\" data-element_type=\"column\" data-e-type=\"column\">\n\t\t\t<div class=\"elementor-widget-wrap elementor-element-populated\">\n\t\t\t\t\t\t<div class=\"elementor-element elementor-element-f9cf593 elementor-widget elementor-widget-text-editor\" data-id=\"f9cf593\" data-element_type=\"widget\" data-e-type=\"widget\" data-widget_type=\"text-editor.default\">\n\t\t\t\t<div class=\"elementor-widget-container\">\n\t\t\t\t\t\t\t\t\t<p>Sie finden hier eine Liste von 20 Fonds, die aus nachhaltiger und \u00f6kologischer Hinsicht empfehlenswert sind, wobei dies eine rein subjektive Auswahl ist. <br \/><strong>Es ist explizit keine direkte Anlageempfehlung, denn investdiscount.de erbringt, wie Sie wissen, keine Anlageberatung und gibt auch keine Kaufempfehlungen ab.<\/strong> <br \/>Aber es kann ja zumindest eine Orientierungshilfe sein.<\/p>\t\t\t\t\t\t\t\t<\/div>\n\t\t\t\t<\/div>\n\t\t\t\t\t<\/div>\n\t\t<\/div>\n\t\t\t\t<div class=\"elementor-column elementor-col-50 elementor-inner-column elementor-element elementor-element-bb45358\" data-id=\"bb45358\" data-element_type=\"column\" data-e-type=\"column\">\n\t\t\t<div class=\"elementor-widget-wrap elementor-element-populated\">\n\t\t\t\t\t\t<div class=\"elementor-element elementor-element-c4f8d85 elementor-widget elementor-widget-image\" data-id=\"c4f8d85\" data-element_type=\"widget\" data-e-type=\"widget\" data-widget_type=\"image.default\">\n\t\t\t\t<div class=\"elementor-widget-container\">\n\t\t\t\t\t\t\t\t\t\t\t\t<figure class=\"wp-caption\">\n\t\t\t\t\t\t\t\t\t\t\t<a href=\"http:\/\/investdiscount.de\/wp-content\/uploads\/2019\/12\/20-nachhaltige-Investmentfonds-S2.pdf\" target=\"_blank\">\n\t\t\t\t\t\t\t<img decoding=\"async\" width=\"300\" height=\"97\" src=\"https:\/\/investdiscount.de\/wp-content\/uploads\/2019\/12\/\u00f6kofinanz_logo_bunt-01-300x97.jpg\" class=\"attachment-medium size-medium wp-image-78\" alt=\"\" srcset=\"https:\/\/investdiscount.de\/wp-content\/uploads\/2019\/12\/\u00f6kofinanz_logo_bunt-01-300x97.jpg 300w, https:\/\/investdiscount.de\/wp-content\/uploads\/2019\/12\/\u00f6kofinanz_logo_bunt-01-1024x332.jpg 1024w, https:\/\/investdiscount.de\/wp-content\/uploads\/2019\/12\/\u00f6kofinanz_logo_bunt-01-768x249.jpg 768w, https:\/\/investdiscount.de\/wp-content\/uploads\/2019\/12\/\u00f6kofinanz_logo_bunt-01-1536x498.jpg 1536w, https:\/\/investdiscount.de\/wp-content\/uploads\/2019\/12\/\u00f6kofinanz_logo_bunt-01-2048x664.jpg 2048w\" sizes=\"(max-width: 300px) 100vw, 300px\" \/>\t\t\t\t\t\t\t\t<\/a>\n\t\t\t\t\t\t\t\t\t\t\t<figcaption class=\"widget-image-caption wp-caption-text\">Diese Liste wurde von \u00d6kofinanz 21 erstellt als \u00dcbersicht zu nachhaltigen Anlagem\u00f6glichkeiten<\/figcaption>\n\t\t\t\t\t\t\t\t\t\t<\/figure>\n\t\t\t\t\t\t\t\t\t<\/div>\n\t\t\t\t<\/div>\n\t\t\t\t\t<\/div>\n\t\t<\/div>\n\t\t\t\t\t<\/div>\n\t\t<\/section>\n\t\t\t\t\t<\/div>\n\t\t<\/div>\n\t\t\t\t\t<\/div>\n\t\t<\/section>\n\t\t\t\t<section class=\"elementor-section elementor-top-section elementor-element elementor-element-175df29 elementor-section-boxed elementor-section-height-default elementor-section-height-default\" data-id=\"175df29\" data-element_type=\"section\" data-e-type=\"section\">\n\t\t\t\t\t\t<div class=\"elementor-container elementor-column-gap-default\">\n\t\t\t\t\t<div class=\"elementor-column elementor-col-100 elementor-top-column elementor-element elementor-element-88a4128\" data-id=\"88a4128\" data-element_type=\"column\" data-e-type=\"column\">\n\t\t\t<div class=\"elementor-widget-wrap elementor-element-populated\">\n\t\t\t\t\t\t<div class=\"elementor-element elementor-element-bb3fab8 elementor-widget elementor-widget-image\" data-id=\"bb3fab8\" data-element_type=\"widget\" data-e-type=\"widget\" data-widget_type=\"image.default\">\n\t\t\t\t<div class=\"elementor-widget-container\">\n\t\t\t\t\t\t\t\t\t\t\t\t<figure class=\"wp-caption\">\n\t\t\t\t\t\t\t\t\t\t<img decoding=\"async\" width=\"1024\" height=\"640\" src=\"https:\/\/investdiscount.de\/wp-content\/uploads\/2019\/12\/pimco_blog_esg_whooley_may2018_58397_chart1-1024x640.png\" class=\"attachment-large size-large wp-image-70\" alt=\"\" srcset=\"https:\/\/investdiscount.de\/wp-content\/uploads\/2019\/12\/pimco_blog_esg_whooley_may2018_58397_chart1-1024x640.png 1024w, https:\/\/investdiscount.de\/wp-content\/uploads\/2019\/12\/pimco_blog_esg_whooley_may2018_58397_chart1-300x188.png 300w, https:\/\/investdiscount.de\/wp-content\/uploads\/2019\/12\/pimco_blog_esg_whooley_may2018_58397_chart1-768x480.png 768w, https:\/\/investdiscount.de\/wp-content\/uploads\/2019\/12\/pimco_blog_esg_whooley_may2018_58397_chart1-1536x960.png 1536w, https:\/\/investdiscount.de\/wp-content\/uploads\/2019\/12\/pimco_blog_esg_whooley_may2018_58397_chart1.png 1588w\" sizes=\"(max-width: 1024px) 100vw, 1024px\" \/>\t\t\t\t\t\t\t\t\t\t\t<figcaption class=\"widget-image-caption wp-caption-text\">Eine gute Entscheidungshilfe kann auch die Beachtung obenstehender Kriterien sein<\/figcaption>\n\t\t\t\t\t\t\t\t\t\t<\/figure>\n\t\t\t\t\t\t\t\t\t<\/div>\n\t\t\t\t<\/div>\n\t\t\t\t\t<\/div>\n\t\t<\/div>\n\t\t\t\t\t<\/div>\n\t\t<\/section>\n\t\t\t\t<\/div>\n\t\t","protected":false},"excerpt":{"rendered":"<p>Geld regiert die Welt&#8230; Sie entscheiden wie Das Sprichwort \u201eGeld regiert die Welt\u201c ist in den letzten Jahrzehnten immer wieder negativ best\u00e4tigt worden. Unsere Umwelt w\u00fcrde heute nicht so geschunden dastehen, wenn bei allen Entscheidungen zu Investitionen und Projekten nicht die nackte Profitgier im Vordergrund gestanden h\u00e4tte. Nicht die Verantwortung f\u00fcr kommende Generationen, sondern das [&hellip;]<\/p>\n","protected":false},"author":1,"featured_media":0,"parent":0,"menu_order":0,"comment_status":"closed","ping_status":"closed","template":"","meta":{"ocean_post_layout":"","ocean_both_sidebars_style":"","ocean_both_sidebars_content_width":0,"ocean_both_sidebars_sidebars_width":0,"ocean_sidebar":"0","ocean_second_sidebar":"0","ocean_disable_margins":"enable","ocean_add_body_class":"","ocean_shortcode_before_top_bar":"","ocean_shortcode_after_top_bar":"","ocean_shortcode_before_header":"","ocean_shortcode_after_header":"","ocean_has_shortcode":"","ocean_shortcode_after_title":"","ocean_shortcode_before_footer_widgets":"","ocean_shortcode_after_footer_widgets":"","ocean_shortcode_before_footer_bottom":"","ocean_shortcode_after_footer_bottom":"","ocean_display_top_bar":"default","ocean_display_header":"default","ocean_header_style":"","ocean_center_header_left_menu":"0","ocean_custom_header_template":"0","ocean_custom_logo":0,"ocean_custom_retina_logo":0,"ocean_custom_logo_max_width":0,"ocean_custom_logo_tablet_max_width":0,"ocean_custom_logo_mobile_max_width":0,"ocean_custom_logo_max_height":0,"ocean_custom_logo_tablet_max_height":0,"ocean_custom_logo_mobile_max_height":0,"ocean_header_custom_menu":"0","ocean_menu_typo_font_family":"0","ocean_menu_typo_font_subset":"","ocean_menu_typo_font_size":0,"ocean_menu_typo_font_size_tablet":0,"ocean_menu_typo_font_size_mobile":0,"ocean_menu_typo_font_size_unit":"px","ocean_menu_typo_font_weight":"","ocean_menu_typo_font_weight_tablet":"","ocean_menu_typo_font_weight_mobile":"","ocean_menu_typo_transform":"","ocean_menu_typo_transform_tablet":"","ocean_menu_typo_transform_mobile":"","ocean_menu_typo_line_height":0,"ocean_menu_typo_line_height_tablet":0,"ocean_menu_typo_line_height_mobile":0,"ocean_menu_typo_line_height_unit":"","ocean_menu_typo_spacing":0,"ocean_menu_typo_spacing_tablet":0,"ocean_menu_typo_spacing_mobile":0,"ocean_menu_typo_spacing_unit":"","ocean_menu_link_color":"","ocean_menu_link_color_hover":"","ocean_menu_link_color_active":"","ocean_menu_link_background":"","ocean_menu_link_hover_background":"","ocean_menu_link_active_background":"","ocean_menu_social_links_bg":"","ocean_menu_social_hover_links_bg":"","ocean_menu_social_links_color":"","ocean_menu_social_hover_links_color":"","ocean_disable_title":"default","ocean_disable_heading":"default","ocean_post_title":"","ocean_post_subheading":"","ocean_post_title_style":"","ocean_post_title_background_color":"","ocean_post_title_background":0,"ocean_post_title_bg_image_position":"","ocean_post_title_bg_image_attachment":"","ocean_post_title_bg_image_repeat":"","ocean_post_title_bg_image_size":"","ocean_post_title_height":0,"ocean_post_title_bg_overlay":0.5,"ocean_post_title_bg_overlay_color":"","ocean_disable_breadcrumbs":"default","ocean_breadcrumbs_color":"","ocean_breadcrumbs_separator_color":"","ocean_breadcrumbs_links_color":"","ocean_breadcrumbs_links_hover_color":"","ocean_display_footer_widgets":"default","ocean_display_footer_bottom":"default","ocean_custom_footer_template":"0","footnotes":""},"class_list":["post-66","page","type-page","status-publish","hentry","entry"],"_links":{"self":[{"href":"https:\/\/investdiscount.de\/index.php?rest_route=\/wp\/v2\/pages\/66","targetHints":{"allow":["GET"]}}],"collection":[{"href":"https:\/\/investdiscount.de\/index.php?rest_route=\/wp\/v2\/pages"}],"about":[{"href":"https:\/\/investdiscount.de\/index.php?rest_route=\/wp\/v2\/types\/page"}],"author":[{"embeddable":true,"href":"https:\/\/investdiscount.de\/index.php?rest_route=\/wp\/v2\/users\/1"}],"replies":[{"embeddable":true,"href":"https:\/\/investdiscount.de\/index.php?rest_route=%2Fwp%2Fv2%2Fcomments&post=66"}],"version-history":[{"count":9,"href":"https:\/\/investdiscount.de\/index.php?rest_route=\/wp\/v2\/pages\/66\/revisions"}],"predecessor-version":[{"id":83,"href":"https:\/\/investdiscount.de\/index.php?rest_route=\/wp\/v2\/pages\/66\/revisions\/83"}],"wp:attachment":[{"href":"https:\/\/investdiscount.de\/index.php?rest_route=%2Fwp%2Fv2%2Fmedia&parent=66"}],"curies":[{"name":"wp","href":"https:\/\/api.w.org\/{rel}","templated":true}]}}